 is 13302 - -1?
13303
In base 2, what is 11111010 - -101?
11111111
In base 7, what is 3 + -421?
-415
In base 2, what is 101100000101 - -11?
101100001000
In base 4, what is -20 - -1231?
1211
In base 8, what is -1 - 405?
-406
In base 7, what is 1331 - 0?
1331
In base 12, what is -1a5 - 0?
-1a5
In base 10, what is -421 + 2?
-419
In base 6, what is 41 + 224?
305
In base 8, what is -522 + 6?
-514
In base 7, what is -116 - 3?
-122
In base 8, what is -13 - 23?
-36
In base 4, what is -12 - -100230?
100212
In base 5, what is 202 + -101?
101
In base 12, what is -1 + 106?
105
In base 7, what is -3302 - -2?
-3300
In base 12, what is -4 + -11?
-15
In base 7, what is 21 - 102?
-51
In base 2, what is 0 - -101111?
101111
In base 6, what is 20401 - 2?
20355
In base 8, what is 3 - -56?
61
In base 11, what is 5 - -34?
39
In base 12, what is 34 - 11?
23
In base 6, what is -11 - -101?
50
In base 3, what is -101101 - -121?
-100210
In base 6, what is -51222 - -3?
-51215
In base 9, what is -11 + 716?
705
In base 16, what is -2 - 24?
-26
In base 15, what is -179 - -1?
-178
In base 14, what is -8585 + 1?
-8584
In base 12, what is -2 + 1196?
1194
In base 2, what is 10 - -10001000101?
10001000111
In base 12, what is -82 - -5?
-79
In base 16, what is -3b + -a?
-45
In base 12, what is 70 + -1?
6b
In base 16, what is -2 - 2b?
-2d
In base 4, what is 12110 - -130?
12300
In base 6, what is 202123 - 4?
202115
In base 7, what is -4 - 22?
-26
In base 2, what is -10101011 - 110?
-10110001
In base 8, what is 140 + -4?
134
In base 3, what is -122 - 1?
-200
In base 4, what is 3 + 112?
121
In base 14, what is 4 - 2a?
-26
In base 7, what is 241 + 4?
245
In base 10, what is 6 - -11?
17
In base 15, what is -15c - -b?
-151
In base 11, what is 7 + -10?
-4
In base 8, what is -1 + 1760?
1757
In base 9, what is -3834 + 1?
-3833
In base 7, what is -5 + -156?
-164
In base 3, what is -11112102 - -11?
-11112021
In base 3, what is -100001100 + 1?
-100001022
In base 9, what is 817 - -1?
818
In base 7, what is -5 - 150?
-155
In base 13, what is -14 + 15?
1
In base 10, what is 4 - 100?
-96
In base 7, what is -21 + -23?
-44
In base 11, what is -1a1 - 5?
-1a6
In base 11, what is 4 - 15a?
-156
In base 2, what is 1 - -111000?
111001
In base 16, what is -11 + c?
-5
In base 11, what is -118 - 0?
-118
In base 15, what is 3 + 5?
8
In base 7, what is 5 - -16424?
16432
In base 14, what is -30 + -8?
-38
In base 12, what is -217 + 2?
-215
In base 10, what is 20 + 6?
26
In base 16, what is -8 - 2e5?
-2ed
In base 14, what is 76 + 0?
76
In base 13, what is 8 - 143?
-138
In base 6, what is 15 + 514?
533
In base 16, what is -3 - 9?
-c
In base 10, what is -19 + -4?
-23
In base 3, what is -11 - 1001?
-1012
In base 14, what is -3 - 735?
-738
In base 13, what is 1a5 + 10?
1b5
In base 9, what is 8 - -4268?
4277
In base 10, what is -29 + -5?
-34
In base 4, what is 1210 - 10?
1200
In base 12, what is -47 - 232?
-279
In base 2, what is -1010 - 1000111?
-1010001
In base 2, what is 11111001011 + -11?
11111001000
In base 14, what is d9 + 6?
101
In base 6, what is 143 - -310?
453
In base 8, what is 156 + 2?
160
In base 9, what is -7 - -811?
803
In base 2, what is 1101001 + 100?
1101101
In base 3, what is 11112 + 12?
11201
In base 15, what is -48c0 - 2?
-48c2
In base 7, what is 235 - 5?
230
In base 11, what is 15 - 25?
-10
In base 10, what is -5 - -64?
59
In base 6, what is -133105 - -1?
-133104
In base 3, what is 12200 + 10?
12210
In base 12, what is -3 + -405?
-408
In base 12, what is -5 - -124?
11b
In base 14, what is 19 - -19?
34
In base 3, what is -2 - -100211?
100202
In base 11, what is 300 - 4a?
261
In base 6, what is 2413 + -2?
2411
In base 10, what is -4 + -147?
-151
In base 8, what is 215 - 5?
210
In base 6, what is 11 - -11?
22
In base 3, what is 20222 + 0?
20222
In base 3, what is -20 + -1120?
-1210
In base 5, what is -2 - -312?
310
In base 13, what is 3 - -337?
33a
In base 8, what is -2 - 220?
-222
In base 2, what is -10 + 110110101?
110110011
In base 5, what is 3 + 242133?
242141
In base 10, what is -43 + -2?
-45
In base 8, what is 75 - -123?
220
In base 5, what is 0 + 121?
121
In base 3, what is 202 + 21?
1000
In base 16, what is -5 + -6?
-b
In base 5, what is -1211 - 3?
-1214
In base 8, what is 25 - 4?
21
In base 4, what is 0 - -1033012?
1033012
In base 2, what is 1000110 + 1110?
1010100
In base 5, what is -4010 - -14?
-3441
In base 9, what is -1263 + -3?
-1266
In base 12, what is 15 - 43?
-2a
In base 12, what is 1 + -158?
-157
In base 6, what is 51 - -41?
132
In base 9, what is -2 - 63?
-65
In base 12, what is 4 - -137b?
1383
In base 10, what is 106 - -5?
111
In base 4, what is 20022 - -3?
20031
In base 11, what is 136 - -3?
139
In base 4, what is 2 - 2000?
-1332
In base 16, what is 3 + 221?
224
In base 13, what is -562 - 20?
-582
In base 9, what is 8 - 80?
-71
In base 13, what is 4 - 1c?
-18
In base 6, what is 13 + 25?
42
In base 16, what is -120f - 3?
-1212
In base 10, what is -4 + -114?
-118
In base 7, what is 3 - 1164?
-1161
In base 16, what is -1 + cb5?
cb4
In base 7, what is -1363 + 5?
-1355
In base 2, what is 0 + -101101?
-101101
In base 7, what is -2530 + -3?
-2533
In base 2, what is 101 - -1101011001101?
1101011010010
In base 6, what is 2111 - 2?
2105
In base 3, what is 1 + 10201?
10202
In base 8, what is 4 - -25?
31
In base 7, what is 10 - -11325?
11335
In base 13, what is -30 + 0?
-30
In base 10, what is 35 + -1?
34
In base 15, what is 3 + 43?
46
In base 14, what is -1 + 2?
1
In base 14, what is 5 + -113?
-10c
In base 4, what is -1031 + -3?
-1100
In base 12, what is 5 + 1649?
1652
In base 7, what is -2 + -364?
-366
In base 9, what is 3 - 3?
0
In base 16, what is -162 - -5?
-15d
In base 8, what is 731 + -1?
730
In base 8, what is -5 - -3770?
3763
In base 10, what is -1490 + -4?
-1494
In base 7, what is 22 - 131?
-106
In base 7, what is 6450 - 2?
6445
In base 3, what is 12 - 10121?
-10102
In base 11, what is -5 + -21?
-26
In base 13, what is 4 - 40?
-39
In base 7, what is -136 - -46?
-60
In base 7, what is 5 + -2636?
-2631
In base 8, what is -15 - -350?
333
In base 10, what is 1 - -4050?
4051
In base 7, what is 0 - 324?
-324
In base 6, what is -1 + 54?
53
In base 3, what is 1210002 - 20?
1202212
In base 13, what is -1 + 7a?
79
In base 7, what is -12411 + 5?
-12403
In base 8, what is 30 - -131?
161
In base 11, what is 1 - 1349?
-1348
In base 13, what is 3b - 12?
29
In base 2, what is 1101111010 - -100?
1101111110
In base 14, what is 82d - -3?
832
In base 6, what is 204 - 1204?
-1000
In base 14, what is -10a9 - 1?
-10aa
In base 9, what is 17 - -1?
18
In base 8, what is 121 - -30?
151
In base 10, what is 2 + -18?
-16
In base 14, what is cb - -5?
d2
In base 14, what is -6 + 4b8?
4b2
In base 8, what is 3 - -1422?
1425
In base 14, what is 13 - 32?
-1d
In base 12, what is 6 + -190?
-186
In base 7, what is 165 + -30?
135
In base 15, what is 1 - 3e?
-3d
In base 8, what is 13453 - -3?
13456
In base 5, what is 14 - 2424?
-2410
In base 10, what is -27 - -5?
-22
In base 6, what is 154 - -124?
322
In base 4, what is -3 - -10?
1
In base 7, what is -14362 + 2?
-14360
In base 13, what is 53 + -20?
33
In base 3, what is 22 + 20?
112
In base 2, what is 101 + 100110?
101011
In base 3, what is -11 + -10111?
-10122
In base 14, what is 4 + -106?
-102
In base 16, what is -462 + -2?
-464
In base 7, what is -33002 - -1?
-33001
In base 13, what is -3 - 10?
-13
In base 15, what is 7 + 180?
187
In base 8, what is -131 - 4?
-135
In base 3, what is 122112 - -1?
122120
In base 15, what is 7 + 1a?
22
In base 8, what is -26 + 10?
-16
In base 14, what is 18 + 2?
1a
In base 15, what is -7 - 4?
-b
In base 2, what is -100011110 + 1010101?
-11001001
In base 11, what is -2267 - -3?
-2264
In base 15, what is -3 - 12b?
-12e
In base 4, what is 121 - 101?
20
In base 16, what is 3c - -4?
40
In base 3, what is 200002 - -12?
200021
In base 3, what is 1 - 1121221?
-1121220
In base 4, what is 112200 + -1?
112133
In base 10, what is 217 + 1?
218
In base 10, what is -14403 - 2?
-14405
In base 7, what is -11 + 20?
6
In base 13, what is -5 + 2a?
25
In base 2, what is -100111010 - -10010?
-100101000
In base 7, what is 250 + 3?
253
In base 9, what is 2 + -61?
-58
In base 4, what is 1 + 212?
213
In base 10, what is -5 + -69?
-74
In base 4, what is 22312 